 + 5*t + 2. Let o be v(0). Is (o + 9/(-3))/((-1)/2237) a composite number?
False
Suppose -7*w = -3*w + 2*h - 804, 4*h = 4*w - 816. Let f = 1555 + w. Is f composite?
True
Suppose 0 = -6*w + 17 + 7. Suppose -4*a + 2544 = w*n, 0*n + a = n - 630. Is n a composite number?
True
Suppose -21*g + 416274 = 129708. Is g composite?
True
Let f be (1 - -2)*448/42. Is (-1212)/(-16)*f/12 prime?
False
Suppose 11*d = -0*d + 237083. Is d a prime number?
False
Suppose 5*d - 4740 = -3*z, -2*d + z + 1897 = 2*z. Is d composite?
True
Let l be (-2)/1 - (-8 + 5). Let v(j) = 290*j**3 - 2*j + 1. Let h be v(l). Suppose -5*d = 3*p - 232, 5*d + h = 3*p + 47. Is p a composite number?
False
Let s(y) = 82*y + 7177. Is s(0) composite?
False
Let g = -1553 - -2302. Let t = g + -484. Is t a composite number?
True
Suppose 2*x - m = -0*x + 598, 1196 = 4*x - 5*m. Is x prime?
False
Let h(z) = 9009*z - 11. Is h(2) a composite number?
True
Suppose 0*a - 162 = -3*a. Suppose 0*l + a = -2*l. Is 6/l - 3846/(-54) composite?
False
Let f = -1504 + 857. Is f/(-2)*2 - 0 a prime number?
True
Let i be 16/24 + (-5178)/(-9). Let u = i + -259. Is u composite?
False
Suppose -u = 4*n - 4201, 6*n - n + 15 = 0. Is u a composite number?
True
Let n be 36/30*110/4. Let c be (-6)/(-33) - (-35106)/n. Suppose 5*u - c = 3*k, -5*u - k = -2*u - 630. Is u a composite number?
False
Suppose -72*f + 74*f - 18962 = 0. Is f a composite number?
True
Suppose -2*x + 4 = -0. Suppose x*w = -3*n + 1903, -2*w - 3*w + 4*n = -4769. Is w composite?
False
Suppose 0*c = -4*c - 32. Let k be c/20 - 44/(-10). Suppose 2*y = 3*r + 65, k*r + r = 5*y - 160. Is y a prime number?
True
Let f(n) = 4635*n - 56. Is f(1) a composite number?
True
Suppose 0*z = -2*z + 36. Let k(x) = x**3 - 16*x**2 + 21*x + 17. Is k(z) composite?
True
Suppose y - 1254 = 3*w, 3*y + 0*w - 3768 = 3*w. Suppose -3*q + y = -0*q. Is q a composite number?
False
Let a(p) = -2*p**2 - 4*p - 2. Let f be a(-2). Let k = f - -6. Suppose 0 = -k*u - 2*b + 442, -u + 109 = 3*b - b. Is u composite?
True
Let b = -16 + 34. Suppose a = 4*a + b. Is (94/a)/(6/(-126)) prime?
False
Let x = -9 + 24. Let c be 3/2*20/x. Is (-326)/(-5) + c/(-10) a composite number?
True
Let q(t) = -29*t**3 + t**2 + 32*t + 21. Is q(-7) composite?
True
Let p = 1858 - 1203. Is p a composite number?
True
Let k be 4/(-6) + 99/27. Suppose v - k*h - 2*h - 843 = 0, 4*v - 3*h - 3406 = 0. Is v prime?
True
Suppose 4*w - 5*b = -8, 2*w + b = -2*b + 18. Suppose -4*c - 57 = -5*j - 2*c, 3*c - 51 = -w*j. Suppose -4*s = 3*m - j, 5*s + 5*m + 0*m = 10. Is s prime?
True
Let r(o) be the second derivative of o**5/10 + o**4/12 - o**3/6 + 8*o**2 + 5*o. Let v be r(0). Is v/20 + (-6782)/(-10) a composite number?
True
Suppose 47*t = 43*t + 12. Let u(g) = 316*g + 7. Is u(t) a composite number?
True
Let p be 12/4 + -8 - -4. Is p/3 - 14894/(-33) a composite number?
True
Is 15/(-9) + 17288/12 prime?
True
Let b = 24 + 23. Let a = 66 - b. Is a a prime number?
True
Suppose -5742 + 255 = -31*k. Is k a prime number?
False
Let t = -793 - -3350. Is t a composite number?
False
Suppose -589029 - 443107 = -56*u. Is u composite?
True
Let j(y) = 2*y - 13. Suppose -12 = -v + 5*v. Let z = v - -13. Is j(z) a prime number?
True
Let r(y) = -y**3 - 7*y**2 + 8*y - 7. Suppose -2*l = -0*l + 18. Is r(l) composite?
False
Suppose 5*s + 12 = -4*m, -3*m + 4*s + s + 26 = 0. Let t be -8*(-2)/8*m. Suppose 3*h - t*h = -123. Is h a composite number?
True
Let o(x) be the second derivative of 11*x**4/12 - 11*x**3/6 - 8*x**2 - 58*x. Is o(6) composite?
True
Let i = -897 - -2948. Is i a prime number?
False
Is (-2)/((36/15126)/(-3)) a prime number?
True
Suppose 3*r = -4*q + 8478, 2*q - 4 - 2 = 0. Let b = r + -1918. Suppose 0 = -h + 5*h - b. Is h composite?
True
Let s be 15/(-3 + 8) + 2*-180. Let d = s - -1026. Is d a composite number?
True
Let z be 2*3*(-3)/(-6). Is z + -35*7*-2 a composite number?
True
Suppose 32 = 5*o - 3. Suppose 2*r = o*r. Suppose r = 4*n - 2*n - 578. Is n a composite number?
True
Let c(x) = 3*x + 6. Let n be c(3). Suppose 16*d - 22 = n*d. Is d composite?
True
Let p(o) = o**3 - 6*o**2 + 5*o - 3. Let b be p(4). Let m be ((-4)/3)/(10/b). Suppose -6*r - 4*j = -4*r - 178, -m*r + 210 = -4*j. Is r a composite number?
False
Suppose -531 = -2*h + 5*c, 0 = -c + 3 - 6. Let r = h + -94. Let t = -19 + r. Is t a prime number?
False
Let y(s) = 45*s**2 + 29*s - 49. Is y(18) prime?
True
Let h be 7/(70/45)*-2. Let r = h - -15. Is r prime?
False
Suppose -36898 - 43078 = -8*r. Is r composite?
True
Suppose -37*h = -k - 32*h + 9636, -4*h = k - 9681. Is k a prime number?
True
Suppose -4*i + 330 = -2*b, 2*i - 161 = 3*b + 322. Let j = 418 + b. Is j composite?
True
Let u(f) = 398*f**2 - 7*f + 13. Is u(4) a composite number?
False
Let y = 4803 + -2726. Is y composite?
True
Let c be -2*(4/12)/((-20)/150). Suppose -3*q = -a - 2*a - 6, -3*a + 26 = 5*q. Suppose -c*s + 75 = -a*s. Is s a composite number?
True
Let t(h) = 16*h - 14. Let b(n) = -3*n + 14. Let l be b(6). Let m be t(l). Let k = 1415 + m. Is k composite?
True
Suppose 0 = 3*v + 4*l - 14, l + 4 = 3*v - 0*l. Suppose -3*i + 5*q + 14 = 0, -v*i + 4*q = -4*i - 20. Is 52 + 0 + 2/i composite?
True
Let n(u) = 5*u**2 - 12*u + 12. Let o be n(-11). Suppose 6564 - o = 5*t. Is t a prime number?
True
Suppose 29 = 7*p + 1. Suppose 5*w - 3855 = -c, -2317 = 2*c + p*w - 10015. Is c prime?
False
Let l be -4 + (1038 - (-2 + -1)). Let r be (-49 + -1)*l/(-34). Suppose 915 = 3*i + 5*b, -6*i = -i + 2*b - r. Is i prime?
False
Let g be (-5)/25 - (-1059)/(-5). Let y be g*(-2)/(-8)*-1. Suppose 0 = -u + y + 254. Is u a prime number?
True
Suppose -7*n + 13 = -15. Suppose n*z = 5*z - 1249. Is z prime?
True
Is (83 - 0)/(41/5617) prime?
False
Suppose -5*b = 5*f - 150910, -9*b - 30164 = -10*b + 5*f. Is b composite?
True
Let u(v) = -v - 7. Let y be u(-9). Suppose -y*w = -0*w - 1438. Is w a composite number?
False
Let v = 228635 - 120714. Is v composite?
True
Suppose 0 = 5*l + 3*m - 21844, 0*m + 4*m = -5*l + 21847. Is l prime?
False
Suppose -s + 0*s = -5, 0 = 5*p + s - 5. Suppose 0 = 5*l + 25, 4*j - 3*j - 4*l - 5457 = p. Is j a prime number?
True
Let z be (-2 - -1 - 0)/(4/68). Is 3553/z*(1 - 2) a composite number?
True
Let q(x) = -3*x**2 - 2*x + 14. Let b be q(9). Let h = 628 + b. Is h a prime number?
False
Let b(j) = 14*j + 2. Suppose -t = 2*t - 9. Let d be (-4 - -4) + 1 + t. Is b(d) prime?
False
Suppose 0 = 8*t - 72512 + 28440. Is t a prime number?
False
Let n be 3/((-45)/(-20))*12. Suppose -13*h = -n*h - 81. Is (-23349)/h - 4/(-18) prime?
False
Is (-49948)/(-5) - 222/370 - 6 a prime number?
False
Let d be (-1 - 1) + 93082/11. Suppose 2*k - d = -5*i - 3*k, -3*i = -5*k - 5084. Is i prime?
True
Let x(g) = 3 - 5 + 101*g - 8 + 2. Is x(2) a composite number?
True
Let o(n) = -5 - n + 4 + 1 + 48*n**2 + 1. Is o(2) composite?
False
Let q(j) = -j**3 + 20*j**2 + 22*j + 17. Is q(-14) a prime number?
True
Let t(p) = -p - 31*p**2 - 1 - 9*p + 8*p + 101*p**2. Is t(-3) composite?
True
Let c(s) be the first derivative of 233*s**4/4 + s**2/2 - s + 8. Is c(1) prime?
True
Suppose 42*r - 64 = 74*r. Let i(j) = j + 1. Let x be i(3). Is (127/(-2))/(r/x) composite?
False
Suppose -2*x = k - 10, -8 = k - 3*x - 3. Is k/((-40)/(-11755))*2 a composite number?
False
Let p(a) = 94*a**2 - 3*a - 2. Suppose 106*l - 111*l - 15 = 0. Is p(l) prime?
True
Let v be (5 - (4 + -3)) + 7. Let q(z) = -z**3 + 16*z**2 - 9*z + 13. Is q(v) prime?
False
Let f = 10 - 7. Suppose 0 = -f*q - 5*v + 18 - 4, 4*v - 4 = 0. Is -94*q/(-6)*1 composite?
False
Is (-55)/22*2564/(-10) a composite number?
False
Is ((-23890)/40)/(7/8 + -1) a prime number?
False
Let y(k) = -50*k - 28. Let d(n) = 49*n + 29. Let s(a) = 3*d(a) + 4*y(a). Is s(-6) prime?
True
Suppose -5*x - 3*d - 2 = 0, 4*x - 3*d - 28 = 2*d. Suppose -5*b - a + 320 = -3*b, -a = -x*b + 316. Is b a prime number?
False
Let j be (-6 - -3) + (1 - 0). Let q be -1 - ((1 - 3) + j). Suppose -1370 - 813 = -5*w + c, -5*c + 1321 = q*w. Is w a prime number?
False
Suppose -3*r + 3*f = 4*f - 18, 5*r = 2*f + 19. Suppose q = r*q. Suppose -11 = 2*c - 3, q = 3*k + 5*c - 262. Is k a prime number?
False
Is 3*4812 + (-203 - -214) composite?
False
Let d = 6906 + -9965. Let s = -1366 - d. Is s a prime number?
True
Let t be (-2286)/(-3) + 0 + 4. Let c = t + -261. Is c a composite number?
Tru